). What is the units digit of (3 - x) + -1 + 13?
4
Let v = -170 - -393. What is the hundreds digit of v?
2
Suppose 0 = -3*r + 5 + 1. Suppose 2*i = -5*c + 50, -r*c = -5*c + 6. What is the units digit of i?
0
Suppose o = -2*r + 9, -5*o + 36 = 11. Suppose -4*c = -z - r, 5*z - 2*c - 6 = -16. What is the tens digit of z + -1 + 4 - -35?
3
Let b = -471 - -177. Let z be (-11)/33*(0 + b). Suppose -f = -i - i + z, 5*i = 2*f + 245. What is the tens digit of i?
4
Suppose 0 = 4*m - 4, 14*u - 8661 = 9*u - m. What is the units digit of u?
2
Let a(l) = -l + 11. Let p be a(8). Suppose 4*m + 477 = 3*t + m, p*m + 634 = 4*t. What is the hundreds digit of t?
1
Let t be (1*-1 + 0)/(-1). Let k(c) be the third derivative of 11*c**5/20 + c**4/12 - c**3/6 - c**2 + 4*c. What is the tens digit of k(t)?
3
Let v = -684 + 382. Let t = -207 - v. What is the units digit of t?
5
Let r be 6 + -3*(-6)/(-9). Suppose -220 = -0*l - r*l. What is the tens digit of l?
5
Let q(h) = -908*h + 566. What is the thousands digit of q(-4)?
4
Let v be 1/(-5) + 63/15. Let j(d) = 3*d**2 - 2*d + 6. What is the units digit of j(v)?
6
Suppose 0 = 3*d + 5*l - 884, 8*d - 5*d - 4*l - 848 = 0. What is the hundreds digit of d?
2
Suppose -9*j = -2598 - 16023. What is the tens digit of j?
6
Suppose -10 = 5*v - 5. Let f be (-3)/(0 + 0 + v). Suppose 10 = f*t - 41. What is the tens digit of t?
1
Let b(x) = 0 - x**2 - 32*x + 27*x + 0. Let p be b(-3). Suppose 3*w + p*l - 101 = 5*l, -109 = -3*w + l. What is the units digit of w?
5
Suppose 3*w + 2*w - 5 = 0. Let y(m) = -6*m**2 + 3*m + 5. Let k(v) = v**2 + v + 1. Let f(b) = 4*k(b) - y(b). What is the tens digit of f(w)?
1
What is the tens digit of -9 + -1 - 1548/(-12)?
1
Let u(t) = 430*t**2 - 6*t - 5. What is the units digit of u(-1)?
1
Suppose 0 = 2*p - h - 23, 5*p - 5*h = 43 + 12. Suppose p*q = 10*q + 14. Suppose -q*w + 48 = -4*w. What is the units digit of w?
6
Let i be (-16)/5 - (-3)/15. Suppose 0 = -2*u - 3*u - 55. What is the tens digit of (0 - i)/((-3)/u)?
1
Suppose 6*g = 2*g - 5*m - 25, 5*g = 5*m - 65. Let d be 4*(-1)/g*10. Suppose -d*t = -q + t - 13, 0 = -5*q + 2*t + 4. What is the units digit of q?
2
Suppose -3*r - 4*a = a - 1108, 0 = 5*r - 3*a - 1824. What is the units digit of r?
6
Let t be (-2)/8 + 112/(-64). Let c = 6 + t. Suppose 5*g - 2*o - 88 = -3*o, -5*g + 82 = c*o. What is the tens digit of g?
1
Suppose -4 = -3*y + 5*y. What is the units digit of y/7 - 4960/(-112)?
4
Let a(w) = 377*w**2 + 4*w + 1. What is the hundreds digit of a(-1)?
3
What is the hundreds digit of 284 + 52 - (-1 + -7)?
3
Let s(b) = -4*b**3 + 5*b**3 + 2*b - 12 + b. What is the tens digit of s(5)?
2
Suppose 5764 = 2*x + 4*w, x - 3*w = 2*x - 2880. What is the units digit of x?
6
Suppose 26*b - 12170 - 14558 = 0. What is the tens digit of b?
2
Let v be 6220/15 - (4/3)/(-4). Let i = -241 + v. What is the units digit of i?
4
Suppose 0*v - 18 = -3*v. Let g(p) = -3*p + 6. Let b(m) = -4*m + 9. Let l(a) = 5*b(a) - 7*g(a). What is the units digit of l(v)?
9
Suppose -3*r - 2*r + 80 = 3*g, 0 = -4*r + 4*g + 32. Suppose -m = 2*f - 7 - r, -82 = -5*m - f. Suppose 73 = 5*n - j - j, -m = 4*j. What is the tens digit of n?
1
Let u(i) = i**3 + i**2 - 2*i + 4. Let p = 5 + -5. Let w be u(p). Suppose -s = 2*x - 129, -x + s = w*x - 340. What is the tens digit of x?
6
Let g(x) be the first derivative of x**4/4 - 3*x**3 + 3*x**2/2 - 12*x - 2. Let t be (-12)/(-4) - -3*2. What is the units digit of g(t)?
5
Let y(g) = -5*g**3 - 5*g**2 - 26*g + 10. What is the hundreds digit of y(-6)?
0
Let b = -331 + 548. Let z = b - 118. Suppose -z = -q - 8*q. What is the tens digit of q?
1
Suppose -2*z + 5*z + 2*b + 4 = 0, 2*z + 10 = -5*b. Suppose -2*x - 3*c + 108 = z, 68 = 2*x - x - 2*c. What is the tens digit of x?
6
Suppose 15*x - 19*x = -580. What is the tens digit of x?
4
What is the units digit of (-8)/10*(-8)/(8/55)?
4
Let g = -42 + 84. Suppose -g = 16*t - 18*t. What is the units digit of t?
1
What is the tens digit of (-40)/(-340) - 950/(-17)?
5
Let y be (1 + 0)/((-1)/3). What is the units digit of -2 + 1*88 + y?
3
Let g = -1 + 1. Suppose g*j - 4*j + 16 = 0. Suppose -n + 3*n = -3*s + 25, -2*n + j*s = -32. What is the tens digit of n?
1
Let q = 11 + -2. Let s(x) = -x**2 + 12*x - 7. Let w be s(q). What is the units digit of (-42)/(-15) - (-4)/w?
3
Let o = -55 + 99. Suppose -3*p - k - 124 = 0, -p - k = 9 + 31. Let b = p + o. What is the units digit of b?
2
Let n(v) = -v**2 - 13*v - 9. Let h be n(-5). Suppose 3*i + s = 5*s - 2, i = -5*s + h. What is the units digit of i?
6
Let s(k) = 260*k + 255. What is the tens digit of s(7)?
7
Let h = 10 + -5. Suppose -4 = -h*b + 3*u, -2 = -3*b + u + u. Suppose q - b = -0. What is the units digit of q?
2
Suppose -59*b + 65*b = 4452. What is the hundreds digit of b?
7
Let q be 0 - 4*25/(-10). Let r be (-445 + -1)/((-5)/q). What is the units digit of r/12 - 4/(-6)?
5
Suppose 0 = 36*t - 6395 - 5557. What is the tens digit of t?
3
Suppose 4*r - 974 = -5*c, 2*r - 399 = -2*c - 11. What is the tens digit of c?
9
Suppose -84*i - 267 = -87*i. Let a = i - 61. What is the tens digit of a?
2
Let r = 31 - 27. Suppose r*b - 9 = u, 3*u = 2*u + 2*b - 7. What is the units digit of (0 - u)*159/15?
3
Suppose 2*w - 213 = -3*y, -4*w + 5*y + 219 + 152 = 0. What is the units digit of w?
9
Suppose -4*i + 15 = -49. Let f(v) = v**2 - 9*v - 20. Let k be f(11). Suppose -k*q + 2*d - i = -6*q, -4 = 2*q - 2*d. What is the units digit of q?
2
Let k = 293 - 140. What is the tens digit of k?
5
Let p be (15/4 - 0)/((-21)/(-56)). What is the units digit of (24/p)/(42/105)?
6
Suppose z + 253 = 3*j, 174 + 80 = 3*j - 2*z. Suppose -3*u + 3*f + 87 = 0, 3*u = 7*u + 4*f - j. What is the units digit of u?
5
Suppose 5*g = -b + 3312, 2004 = 8*g - 5*g - 5*b. What is the tens digit of g?
6
Let x(l) = 62*l**2 + l - 13. What is the units digit of x(3)?
8
Let o(g) = 3*g + 8*g**3 - 8 + 4*g**3 + 3*g**2 - 14*g**3. What is the tens digit of o(-4)?
5
Let m = -643 - -903. Suppose -3*d + m = d. What is the units digit of d?
5
Suppose 0 = b - 0*b - 135. What is the tens digit of b?
3
Let w(o) be the second derivative of 0 + 0*o**2 + 2/3*o**3 + 5*o. What is the tens digit of w(6)?
2
Let g(w) = 2*w**2 + 19*w + 7. What is the units digit of g(-10)?
7
Let d(i) = -5*i**3 - 20*i**2 + 26*i + 11. Let k(f) = 4*f**3 + 19*f**2 - 25*f - 10. Let a(n) = 3*d(n) + 4*k(n). What is the tens digit of a(-17)?
7
Let u = 8344 + -4821. What is the hundreds digit of u?
5
Let z(p) = p**3 - 7*p**2 + 2*p + 7. Let k be z(7). Suppose -3 - k = -4*t. Let y = 20 - t. What is the tens digit of y?
1
Let r = -995 - -1948. What is the tens digit of r?
5
Suppose 4*n = n + 15. Suppose -5*z + 5 + 6 = -4*k, 3*z - 4*k = n. Suppose z*p + 2*v = -p + 58, v + 43 = 4*p. What is the tens digit of p?
1
Let j be (-15)/2*40/(-60). Suppose -5*d - 2*h + 1110 = 0, -j*d + 814 + 296 = 3*h. What is the units digit of d?
2
Let r(j) = 19*j**2 + 6*j + 26. What is the tens digit of r(5)?
3
Let u = -263 + 779. Suppose 2*i - 252 = 2*l, -4*i = -8*i + l + u. What is the tens digit of i?
3
Let f = 179 - -92. What is the tens digit of f?
7
Let b(p) = -3*p**2 - 3*p - 1. Let w be b(-3). Let r = 47 + -82. Let q = w - r. What is the tens digit of q?
1
Suppose 6*n - 35 = 5*n. Let m = n - 31. What is the units digit of m?
4
What is the tens digit of (-21)/(-35) + 1767/5?
5
Let w(z) = -2*z + 3. Let i be w(1). Suppose 3*g - 4*a = 10, 2*a + 3*a - i = -3*g. Suppose 6 = 3*v - 4*t + g, 2*t - 42 = -4*v. What is the units digit of v?
8
Let g be 2/(-6) + (-8)/(-6). Let h = g + 4. Let q = -1 + h. What is the units digit of q?
4
Suppose 3*v = -2*v + 1425. Suppose 8*o = 3*o + v. What is the units digit of o?
7
Suppose 5*j - 3*v = 3966, -6*j = -4*j - 4*v - 1592. What is the hundreds digit of j?
7
What is the units digit of (-60)/50 + (-1281)/(-5)?
5
Let x = 57 + -55. Suppose x*t = 4*t - k - 160, 5*t + 5*k = 430. What is the units digit of t?
2
Suppose 3*y + 2*y = 5*f - 1200, y = -5. What is the tens digit of f?
3
Let f(l) = 2*l**2 + 27*l + 31. What is the tens digit of f(-14)?
4
Let t(s) = -3 - 5*s**3 - 5*s**2 + 2 + 2*s**3 + 0*s**3 - 8*s. What is the units digit of t(-4)?
3
Let x = -19 - -19. Suppose 4*g - 8 = -x*g. What is the units digit of g/8 - (-47)/4?
2
Let m be 1598/51*(-1)/(2/(-3)). Let p = -46 + m. What is th